ppose c - 4*g = -c + 546, 0 = -n*g. What is the units digit of c?
3
Let d be (-63)/6*(-4 + (-50)/(-15)). Suppose -d*a + 3*n = -3*a - 422, 4*a = 2*n + 424. Let j = 108 + a. What is the hundreds digit of j?
2
Let x be 3*-1*230/(-69). Let k(m) = 26*m + 52. What is the units digit of k(x)?
2
Let q be 6 - 6*(-4)/(-6). What is the tens digit of -2 + q + 5 - -589?
9
Suppose 5*y = 3*h - 1138, -2*h = 3*h - 2*y - 1865. Let b = 7 - 3. Suppose -111 + h = b*l. What is the tens digit of l?
6
Suppose 0 = y - c - 16, -c + 38 = 3*y - 10. Let k(h) = -2*h**2 + 43*h - 12. What is the units digit of k(y)?
4
Suppose -236828 = -17*m - 17*m - 22934. What is the thousands digit of m?
6
Let k(g) = 5*g - 8 - 23*g - 16*g - 39 - 12*g. What is the tens digit of k(-15)?
4
Let k be (156/15)/(1/5). Suppose -156 = -3*y + 4*a, -y + 5*a + k = -0*y. Suppose 4*d - 416 = -y. What is the tens digit of d?
9
Let f = 238 - 230. Suppose -f*g + 9 = -711. What is the units digit of g?
0
Let k be ((-15)/(-30))/((-2)/2428). Let r = -459 - k. What is the hundreds digit of r?
1
Suppose -x - 2*n + 9023 = 0, 27096 = 2*x + x - 3*n. What is the hundreds digit of x?
0
Let x be ((2/6)/(19/570))/2. Suppose -5793 = -5*g + 3*h, 2*g - x*h = -2*h + 2310. What is the tens digit of g?
6
What is the hundreds digit of 0*(8/16 - 1) - -33283?
2
Let m(l) = 3*l - l + 3*l**2 - 11*l**2 - 17 - 15*l**2. Let c be m(5). What is the tens digit of c/4*(-8)/6?
9
Let u(d) = 9*d**2 - 28*d + 55. Let n be (18/(-8) - -3)/((-1)/4). Let z(r) = 4*r**2 - 14*r + 27. Let i(c) = n*u(c) + 7*z(c). What is the hundreds digit of i(20)?
1
What is the hundreds digit of 25 + (10 - 23) - -12448?
4
Suppose -n - 4*c = 3*n - 20496, 4*n + c - 20502 = 0. What is the tens digit of n?
2
Let n(u) = u**3 + 13*u**2 + 5*u - 7. Let k be n(-5). Suppose k = 5*a - 462. What is the tens digit of a?
2
Suppose 0 = -5*p - 4*x + 1218, -3*p + 401 = -4*x - 349. Suppose -7*m = -p - 174. What is the tens digit of m?
6
Let m(v) = -767*v - 21. Let y be m(3). What is the hundreds digit of (y/(-18))/((-2)/(-2))?
1
Let y be (283/2)/(2/4). Suppose y = 5*c + 53. What is the tens digit of c?
4
Let h be ((-76)/(-18))/1 - (-10)/(-45). Suppose 19 = h*c - 29. Suppose -228 = -2*s - 4*d + c, -s = 4*d - 116. What is the units digit of s?
4
Let k = 33680 - 15223. What is the hundreds digit of k?
4
Suppose -24*z = 15*z - 48245 + 11819. What is the tens digit of z?
3
Let m(v) = 2*v**2 + 3*v + 13. Let d be m(5). Let b = 53 + d. Suppose -9*p + 652 + b = 0. What is the units digit of p?
7
Let z(c) = -c**3 - 8*c**2 + c. Let o(t) = -3*t**3 - 15*t**2 + 2*t. Let w(j) = 2*o(j) - 5*z(j). Let v be (-61)/(-7) + 16/56. What is the tens digit of w(v)?
7
Let d(i) = -19*i - 19. Let c be (-1)/(-3)*-23 - 22/(-33). Let m be d(c). Suppose 67*k - m = 65*k. What is the tens digit of k?
5
Suppose -i - 2 = -4. Let s be (4 - i)*7/(-2). What is the tens digit of 29 + -1 + 5 + s?
2
Suppose -7 = -2*k + 11. Suppose k*b - 55 = 4*b. Let c = b + -3. What is the units digit of c?
8
Let h(s) = -186*s - 22. Let x be h(-4). Suppose 4*u = 2*q - x, 4*u + 3*q + 707 = -0*u. Let w = u - -345. What is the tens digit of w?
6
Suppose 4*u + 4*l = 0, 2*u + 3*l + l = 8. What is the hundreds digit of (8324/24 - u) + (-2)/(-12)?
3
Suppose 0*s - 2*s = 3*p + 96, 96 = -3*p - 5*s. Let x = p + 32. Suppose x = -0*m - m - 3*k + 48, -2*k + 47 = m. What is the units digit of m?
5
What is the ten thousands digit of ((-696)/(-18) - -8)*((-1544)/(-5) - -2)?
1
Let n be (-2 + -6724)*(-3 + 10/6). Suppose -24*r = -5*r - n. Suppose -3*z - 4*l + 470 = -2*l, 3*z = -l + r. What is the units digit of z?
8
Let g = 234 + -92. What is the units digit of g + 6/(-9)*-6?
6
Suppose -9*i + 18*i - 319974 = -25*i. What is the units digit of i?
1
Let s = 149 - 136. Let w(y) = 74*y + 34. What is the units digit of w(s)?
6
Let l(w) = 179*w - 46. Let o be l(8). Let f = o + -869. What is the tens digit of f?
1
Let b = 2670 - 2636. Let c(s) = 35*s + 2. Let w be c(2). Let i = w - b. What is the units digit of i?
8
Let h(v) = 23*v**2 + 28*v + 64. Let d(z) = -12*z**2 - 14*z - 32. Let u(x) = -5*d(x) - 2*h(x). What is the units digit of u(-6)?
2
Let m = -102019 + 152748. What is the thousands digit of m?
0
Let m(h) = -12*h**2 - 3*h + 54*h**2 + 0 - 4. Let b(d) = d**2 - 10*d - 58. Let y be b(14). What is the hundreds digit of m(y)?
1
Suppose -2*k + 1874 = 5*p - 783, k = 5*p + 1336. What is the thousands digit of k?
1
Let t be 3/(108/(-8)) - 2/(-9). Suppose -6195 = -4*h - 3*a, -9*h + 13*h - 3*a - 6165 = t. What is the units digit of h?
5
Let c be 999 - (8/(-6))/((-15)/(-45)). Let h = c + -474. What is the tens digit of h?
2
Suppose 12*k = 260381 + 147979. What is the ten thousands digit of k?
3
Suppose -5*j - 4*p + 183603 = 0, 2*j = 585*p - 589*p + 73422. What is the ten thousands digit of j?
3
Suppose 183 = 5*d + 43. Let k(l) = -2*l**2 + 65*l - 9. What is the units digit of k(d)?
3
Let q be (-48 - -39)*2/(-6)*5. Suppose 0 = -9*f + q*f - 1956. What is the hundreds digit of f?
3
Suppose -x + 22499 = 2*n, 5*n + 29908 + 82617 = 5*x. What is the ten thousands digit of x?
2
What is the thousands digit of (82/6 + ((-372)/(-36) - 11))*1662?
1
What is the tens digit of 8803982/132 - 10/(-60)?
9
Let x(t) = 40*t**3 + 5*t**2 - 23*t + 64. What is the units digit of x(6)?
6
Let c be 3*(372/(-6) + -1). What is the units digit of (3/(-2))/((c/(-7630))/(-9))?
5
Suppose -34*z - 79*z - 164*z + 9319665 = 0. What is the ten thousands digit of z?
3
Suppose 4972 = 15*f - 4*f. Suppose 5*g = f + 158. What is the tens digit of 0/(-11) + g*(-3)/(-2)?
8
Let r = 21 - 18. Suppose -2*v + 3 = -r. Suppose -5*b + 119 = v*g - 71, 66 = g + b. What is the tens digit of g?
7
Let a(w) = 29413*w + 1551. What is the hundreds digit of a(2)?
3
Suppose 11*c - 1218 = 72163. What is the hundreds digit of c?
6
Let y = 1484 - -6421. What is the thousands digit of y?
7
Let s(h) = 41*h**3 + h**2 - 15*h. What is the units digit of s(5)?
5
Suppose -2*r - 51 = -2*p + 137, 4*p = 5*r + 372. Suppose -2*k - p = -9*k. Suppose 2004 = k*m - 194. What is the units digit of m?
7
What is the units digit of (-11)/(330/(-36)) - 57208/(-10)?
2
Let a = -470 - -475. Suppose -535 = -a*w - 4*g + 3857, 5*g = -4*w + 3519. What is the units digit of w?
6
Suppose 103*t - 508*t - 541344 = -34336569. What is the thousands digit of t?
3
Let w be (-28)/98 - (-32)/14. What is the tens digit of (w/(-3))/((-26)/11388) - 0?
9
Let m(f) = 429*f**2 + 33*f + 205. What is the ten thousands digit of m(-6)?
1
Let u(h) = 2*h**2 - 5*h - h**2 - h - h. Let k be u(7). Suppose k = -3*x + 5*x - 142. What is the tens digit of x?
7
Let x(d) = -6532*d - 62. Let w be x(-4). Suppose -20*o - 9386 = -w. What is the hundreds digit of o?
8
Suppose -10*c = 11 + 29. What is the tens digit of 361 + (0 - c - (-1 + 1))?
6
Let n(y) = 2*y**3 - 98*y**2 + 6*y - 28. Let l(m) = 14*m - 35. Let p be l(6). What is the tens digit of n(p)?
6
Let s = -179 + 189. What is the tens digit of (-3405)/s*(-8)/12?
2
Let n be (732/(-9))/((-2)/6). Suppose 3*m + m + 448 = 0. Let q = n + m. What is the tens digit of q?
3
Let o = 44500 + -30077. What is the units digit of o?
3
Suppose 10 = 4*m - 6. Suppose 2*p + p + 266 = m*w, 5*w - 333 = 4*p. Suppose -3*t = -130 - w. What is the units digit of t?
5
What is the tens digit of (-16)/200 + 1255008/100?
5
Let d(c) = 3*c**3 + c + 1. Let y(v) = 26*v**3 - 4*v + 12. Let g(r) = -4*d(r) + y(r). What is the tens digit of g(4)?
7
Let u(j) = j**3 + 6*j**2 - 3*j - 4. Let k be u(-6). Let m be (-86)/(-2) - 35/(-8 - -13). Suppose -w - k = -m. What is the units digit of w?
2
Let z(a) be the second derivative of -11*a**3/6 + 14*a**2 + a + 76. Suppose 11 - 33 = 2*f. What is the units digit of z(f)?
9
Let h = -59004 - -107438. What is the thousands digit of h?
8
Let r(a) = -29*a**3 + a**2 - a - 4. Let w be r(-4). Suppose 0*q = -6*q + w. What is the tens digit of q?
1
Let q = -89 + 95. Let a be 3*-2*q/12. What is the tens digit of 12/8*(-164)/a?
8
Let r be 6/(-39) - 28/(-13). Suppose r*x - 2140 = -3*x. Suppose o - x = -4*s, 0 = s - 2*s - 4*o + 92. What is the tens digit of s?
0
Let x(k) be the first derivative of -29*k**2/2 + 20*k + 1. Suppose h - y - 2 + 10 = 0, -y = 3*h + 24. What is the tens digit of x(h)?
5
Suppose 7*y = 8*y - 20. Let r = -16 + y. Suppose 5 = -5*u, 